{"id":367,"date":"2025-10-04T00:40:01","date_gmt":"2025-10-03T22:40:01","guid":{"rendered":"https:\/\/martin-broz.cz\/hasicisenohraby\/?page_id=367"},"modified":"2025-11-14T23:37:37","modified_gmt":"2025-11-14T22:37:37","slug":"rychly-zasahovy-automobil-ford-transit","status":"publish","type":"page","link":"https:\/\/hasicisenohraby.cz\/index.php\/rychly-zasahovy-automobil-ford-transit\/","title":{"rendered":"Rychl\u00fd z\u00e1sahov\u00fd automobil Ford Transit"},"content":{"rendered":"\n<figure class=\"wp-block-image size-full\"><img loading=\"lazy\" decoding=\"async\" width=\"960\" height=\"540\" src=\"https:\/\/martin-broz.cz\/hasicisenohraby\/wp-content\/uploads\/2025\/08\/Ford.jpg\" alt=\"\" class=\"wp-image-98\" srcset=\"https:\/\/hasicisenohraby.cz\/wp-content\/uploads\/2025\/08\/Ford.jpg 960w, https:\/\/hasicisenohraby.cz\/wp-content\/uploads\/2025\/08\/Ford-300x169.jpg 300w, https:\/\/hasicisenohraby.cz\/wp-content\/uploads\/2025\/08\/Ford-768x432.jpg 768w\" sizes=\"auto, (max-width: 960px) 100vw, 960px\" \/><\/figure>\n\n\n\n<p>Vozidlo pro technick\u00e9 z\u00e1sahy, kter\u00e9 v z\u00e1kladu disponuje hydraulick\u00fdm vypro\u0161\u0165ovac\u00edm za\u0159\u00edzen\u00edm a n\u00e1dr\u017e\u00ed na hasebn\u00ed vodu.<br>Uveden\u00e1 konfigurace je vyu\u017e\u00edv\u00e1na u jednotek s p\u0159edur\u010denost\u00ed na dopravn\u00ed nehody, kdy je d\u00edky vybaven\u00ed vozidla mo\u017en\u00e9 zasahovat u dopravn\u00edch nehod s vyu\u017eit\u00edm hydraulick\u00e9ho vypro\u0161\u0165ovac\u00edho za\u0159\u00edzen\u00ed pro p\u0159\u00edpady vypro\u0161\u0165ov\u00e1n\u00ed zakl\u00edn\u011bn\u00fdch<br>osob z vozidel. Z\u00e1rove\u0148 je v\u0161ak vozidlo vybaveno 240l n\u00e1dr\u017e\u00ed na hasebn\u00ed vodu a vysokotlak\u00fdm za\u0159\u00edzen\u00edm pro ha\u0161en\u00ed<br>po\u017e\u00e1r\u016f men\u0161\u00edho rozsahu. D\u00e1le pak ve voze naleznete v r\u00e1mci v\u00fdbavy prost\u0159edky pro v\u0161echny typy ud\u00e1lost\u00ed, jako jsou osv\u011btlovac\u00ed prost\u0159edky, sorp\u010dn\u00ed l\u00e1tky pro zaji\u0161t\u011bn\u00ed \u00faniku provozn\u00edch n\u00e1pln\u00ed, zdravotnick\u00fd batoh a fixa\u010dn\u00ed prost\u0159edky pro poskytnut\u00ed p\u0159edl\u00e9ka\u0159sk\u00e9 p\u00e9\u010de, motorovou pilu a \u017eeb\u0159\u00edk pro p\u0159\u00edpadn\u00e9 technick\u00e9 z\u00e1sahy, jako jsou nap\u0159. spadl\u00e9 stromy p\u0159es komunikaci, a v neposledn\u00ed \u0159ad\u011b dal\u0161\u00ed prost\u0159edky, jako jsou nap\u0159\u00edklad helmy pro technick\u00e9 z\u00e1sahy, radiovys\u00edla\u010dky, podru\u017en\u00e1 OOPP a dal\u0161\u00ed vybaven\u00ed.<\/p>\n","protected":false},"excerpt":{"rendered":"<p>Vozidlo pro technick\u00e9 z\u00e1sahy, kter\u00e9 v z\u00e1kladu disponuje hydraulick\u00fdm vypro\u0161\u0165ovac\u00edm za\u0159\u00edzen\u00edm a n\u00e1dr\u017e\u00ed na hasebn\u00ed vodu.Uveden\u00e1 konfigurace je vyu\u017e\u00edv\u00e1na u jednotek s p\u0159edur\u010denost\u00ed na dopravn\u00ed nehody, kdy je d\u00edky vybaven\u00ed vozidla mo\u017en\u00e9 zasahovat u dopravn\u00edch nehod s vyu\u017eit\u00edm hydraulick\u00e9ho vypro\u0161\u0165ovac\u00edho za\u0159\u00edzen\u00ed pro p\u0159\u00edpady vypro\u0161\u0165ov\u00e1n\u00ed zakl\u00edn\u011bn\u00fdchosob z vozidel. Z\u00e1rove\u0148 je v\u0161ak vozidlo vybaveno 240l n\u00e1dr\u017e\u00ed na [&hellip;]<\/p>\n","protected":false},"author":1,"featured_media":0,"parent":0,"menu_order":0,"comment_status":"closed","ping_status":"closed","template":"","meta":{"pgc_sgb_lightbox_settings":"","_mc_calendar":[],"footnotes":""},"mt-event-group":[],"class_list":["post-367","page","type-page","status-publish","hentry"],"yoast_head":"<!-- This site is optimized with the Yoast SEO plugin v27.4 - https:\/\/yoast.com\/product\/yoast-seo-wordpress\/ -->\n<title>Rychl\u00fd z\u00e1sahov\u00fd automobil Ford Transit - Hasi\u010di Senohraby<\/title>\n<meta name=\"robots\" content=\"index, follow, max-snippet:-1, max-image-preview:large, max-video-preview:-1\" \/>\n<link rel=\"canonical\" href=\"https:\/\/hasicisenohraby.cz\/index.php\/rychly-zasahovy-automobil-ford-transit\/\" \/>\n<meta property=\"og:locale\" content=\"cs_CZ\" \/>\n<meta property=\"og:type\" content=\"article\" \/>\n<meta property=\"og:title\" content=\"Rychl\u00fd z\u00e1sahov\u00fd automobil Ford Transit - Hasi\u010di Senohraby\" \/>\n<meta property=\"og:description\" content=\"Vozidlo pro technick\u00e9 z\u00e1sahy, kter\u00e9 v z\u00e1kladu disponuje hydraulick\u00fdm vypro\u0161\u0165ovac\u00edm za\u0159\u00edzen\u00edm a n\u00e1dr\u017e\u00ed na hasebn\u00ed vodu.Uveden\u00e1 konfigurace je vyu\u017e\u00edv\u00e1na u jednotek s p\u0159edur\u010denost\u00ed na dopravn\u00ed nehody, kdy je d\u00edky vybaven\u00ed vozidla mo\u017en\u00e9 zasahovat u dopravn\u00edch nehod s vyu\u017eit\u00edm hydraulick\u00e9ho vypro\u0161\u0165ovac\u00edho za\u0159\u00edzen\u00ed pro p\u0159\u00edpady vypro\u0161\u0165ov\u00e1n\u00ed zakl\u00edn\u011bn\u00fdchosob z vozidel. Z\u00e1rove\u0148 je v\u0161ak vozidlo vybaveno 240l n\u00e1dr\u017e\u00ed na [&hellip;]\" \/>\n<meta property=\"og:url\" content=\"https:\/\/hasicisenohraby.cz\/index.php\/rychly-zasahovy-automobil-ford-transit\/\" \/>\n<meta property=\"og:site_name\" content=\"Hasi\u010di Senohraby\" \/>\n<meta property=\"article:publisher\" content=\"https:\/\/www.facebook.com\/hasici.senohraby\" \/>\n<meta property=\"article:modified_time\" content=\"2025-11-14T22:37:37+00:00\" \/>\n<meta property=\"og:image\" content=\"https:\/\/hasicisenohraby.cz\/wp-content\/uploads\/2025\/08\/Ford.jpg\" \/>\n\t<meta property=\"og:image:width\" content=\"960\" \/>\n\t<meta property=\"og:image:height\" content=\"540\" \/>\n\t<meta property=\"og:image:type\" content=\"image\/jpeg\" \/>\n<meta name=\"twitter:card\" content=\"summary_large_image\" \/>\n<meta name=\"twitter:site\" content=\"@HasiciSenohraby\" \/>\n<meta name=\"twitter:label1\" content=\"Odhadovan\u00e1 doba \u010dten\u00ed\" \/>\n\t<meta name=\"twitter:data1\" content=\"1 minuta\" \/>\n<script type=\"application\/ld+json\" class=\"yoast-schema-graph\">{\"@context\":\"https:\\\/\\\/schema.org\",\"@graph\":[{\"@type\":\"WebPage\",\"@id\":\"https:\\\/\\\/hasicisenohraby.cz\\\/index.php\\\/rychly-zasahovy-automobil-ford-transit\\\/\",\"url\":\"https:\\\/\\\/hasicisenohraby.cz\\\/index.php\\\/rychly-zasahovy-automobil-ford-transit\\\/\",\"name\":\"Rychl\u00fd z\u00e1sahov\u00fd automobil Ford Transit - Hasi\u010di Senohraby\",\"isPartOf\":{\"@id\":\"https:\\\/\\\/hasicisenohraby.cz\\\/#website\"},\"primaryImageOfPage\":{\"@id\":\"https:\\\/\\\/hasicisenohraby.cz\\\/index.php\\\/rychly-zasahovy-automobil-ford-transit\\\/#primaryimage\"},\"image\":{\"@id\":\"https:\\\/\\\/hasicisenohraby.cz\\\/index.php\\\/rychly-zasahovy-automobil-ford-transit\\\/#primaryimage\"},\"thumbnailUrl\":\"https:\\\/\\\/martin-broz.cz\\\/hasicisenohraby\\\/wp-content\\\/uploads\\\/2025\\\/08\\\/Ford.jpg\",\"datePublished\":\"2025-10-03T22:40:01+00:00\",\"dateModified\":\"2025-11-14T22:37:37+00:00\",\"breadcrumb\":{\"@id\":\"https:\\\/\\\/hasicisenohraby.cz\\\/index.php\\\/rychly-zasahovy-automobil-ford-transit\\\/#breadcrumb\"},\"inLanguage\":\"cs\",\"potentialAction\":[{\"@type\":\"ReadAction\",\"target\":[\"https:\\\/\\\/hasicisenohraby.cz\\\/index.php\\\/rychly-zasahovy-automobil-ford-transit\\\/\"]}]},{\"@type\":\"ImageObject\",\"inLanguage\":\"cs\",\"@id\":\"https:\\\/\\\/hasicisenohraby.cz\\\/index.php\\\/rychly-zasahovy-automobil-ford-transit\\\/#primaryimage\",\"url\":\"https:\\\/\\\/martin-broz.cz\\\/hasicisenohraby\\\/wp-content\\\/uploads\\\/2025\\\/08\\\/Ford.jpg\",\"contentUrl\":\"https:\\\/\\\/martin-broz.cz\\\/hasicisenohraby\\\/wp-content\\\/uploads\\\/2025\\\/08\\\/Ford.jpg\"},{\"@type\":\"BreadcrumbList\",\"@id\":\"https:\\\/\\\/hasicisenohraby.cz\\\/index.php\\\/rychly-zasahovy-automobil-ford-transit\\\/#breadcrumb\",\"itemListElement\":[{\"@type\":\"ListItem\",\"position\":1,\"name\":\"Dom\u016f\",\"item\":\"https:\\\/\\\/hasicisenohraby.cz\\\/\"},{\"@type\":\"ListItem\",\"position\":2,\"name\":\"Rychl\u00fd z\u00e1sahov\u00fd automobil Ford Transit\"}]},{\"@type\":\"WebSite\",\"@id\":\"https:\\\/\\\/hasicisenohraby.cz\\\/#website\",\"url\":\"https:\\\/\\\/hasicisenohraby.cz\\\/\",\"name\":\"Hasi\u010di Senohraby\",\"description\":\"Str\u00e1nky hasi\u010d\u016f ze Senohrab\",\"publisher\":{\"@id\":\"https:\\\/\\\/hasicisenohraby.cz\\\/#organization\"},\"potentialAction\":[{\"@type\":\"SearchAction\",\"target\":{\"@type\":\"EntryPoint\",\"urlTemplate\":\"https:\\\/\\\/hasicisenohraby.cz\\\/?s={search_term_string}\"},\"query-input\":{\"@type\":\"PropertyValueSpecification\",\"valueRequired\":true,\"valueName\":\"search_term_string\"}}],\"inLanguage\":\"cs\"},{\"@type\":\"Organization\",\"@id\":\"https:\\\/\\\/hasicisenohraby.cz\\\/#organization\",\"name\":\"Hasi\u010di Senohraby\",\"url\":\"https:\\\/\\\/hasicisenohraby.cz\\\/\",\"logo\":{\"@type\":\"ImageObject\",\"inLanguage\":\"cs\",\"@id\":\"https:\\\/\\\/hasicisenohraby.cz\\\/#\\\/schema\\\/logo\\\/image\\\/\",\"url\":\"https:\\\/\\\/hasicisenohraby.cz\\\/wp-content\\\/uploads\\\/2025\\\/08\\\/Logo-sboru.png\",\"contentUrl\":\"https:\\\/\\\/hasicisenohraby.cz\\\/wp-content\\\/uploads\\\/2025\\\/08\\\/Logo-sboru.png\",\"width\":167,\"height\":233,\"caption\":\"Hasi\u010di Senohraby\"},\"image\":{\"@id\":\"https:\\\/\\\/hasicisenohraby.cz\\\/#\\\/schema\\\/logo\\\/image\\\/\"},\"sameAs\":[\"https:\\\/\\\/www.facebook.com\\\/hasici.senohraby\",\"https:\\\/\\\/x.com\\\/HasiciSenohraby\",\"https:\\\/\\\/www.instagram.com\\\/hasici_senohraby\",\"https:\\\/\\\/www.youtube.com\\\/@72RB\"]}]}<\/script>\n<!-- \/ Yoast SEO plugin. -->","yoast_head_json":{"title":"Rychl\u00fd z\u00e1sahov\u00fd automobil Ford Transit - Hasi\u010di Senohraby","robots":{"index":"index","follow":"follow","max-snippet":"max-snippet:-1","max-image-preview":"max-image-preview:large","max-video-preview":"max-video-preview:-1"},"canonical":"https:\/\/hasicisenohraby.cz\/index.php\/rychly-zasahovy-automobil-ford-transit\/","og_locale":"cs_CZ","og_type":"article","og_title":"Rychl\u00fd z\u00e1sahov\u00fd automobil Ford Transit - Hasi\u010di Senohraby","og_description":"Vozidlo pro technick\u00e9 z\u00e1sahy, kter\u00e9 v z\u00e1kladu disponuje hydraulick\u00fdm vypro\u0161\u0165ovac\u00edm za\u0159\u00edzen\u00edm a n\u00e1dr\u017e\u00ed na hasebn\u00ed vodu.Uveden\u00e1 konfigurace je vyu\u017e\u00edv\u00e1na u jednotek s p\u0159edur\u010denost\u00ed na dopravn\u00ed nehody, kdy je d\u00edky vybaven\u00ed vozidla mo\u017en\u00e9 zasahovat u dopravn\u00edch nehod s vyu\u017eit\u00edm hydraulick\u00e9ho vypro\u0161\u0165ovac\u00edho za\u0159\u00edzen\u00ed pro p\u0159\u00edpady vypro\u0161\u0165ov\u00e1n\u00ed zakl\u00edn\u011bn\u00fdchosob z vozidel. Z\u00e1rove\u0148 je v\u0161ak vozidlo vybaveno 240l n\u00e1dr\u017e\u00ed na [&hellip;]","og_url":"https:\/\/hasicisenohraby.cz\/index.php\/rychly-zasahovy-automobil-ford-transit\/","og_site_name":"Hasi\u010di Senohraby","article_publisher":"https:\/\/www.facebook.com\/hasici.senohraby","article_modified_time":"2025-11-14T22:37:37+00:00","og_image":[{"width":960,"height":540,"url":"https:\/\/hasicisenohraby.cz\/wp-content\/uploads\/2025\/08\/Ford.jpg","type":"image\/jpeg"}],"twitter_card":"summary_large_image","twitter_site":"@HasiciSenohraby","twitter_misc":{"Odhadovan\u00e1 doba \u010dten\u00ed":"1 minuta"},"schema":{"@context":"https:\/\/schema.org","@graph":[{"@type":"WebPage","@id":"https:\/\/hasicisenohraby.cz\/index.php\/rychly-zasahovy-automobil-ford-transit\/","url":"https:\/\/hasicisenohraby.cz\/index.php\/rychly-zasahovy-automobil-ford-transit\/","name":"Rychl\u00fd z\u00e1sahov\u00fd automobil Ford Transit - Hasi\u010di Senohraby","isPartOf":{"@id":"https:\/\/hasicisenohraby.cz\/#website"},"primaryImageOfPage":{"@id":"https:\/\/hasicisenohraby.cz\/index.php\/rychly-zasahovy-automobil-ford-transit\/#primaryimage"},"image":{"@id":"https:\/\/hasicisenohraby.cz\/index.php\/rychly-zasahovy-automobil-ford-transit\/#primaryimage"},"thumbnailUrl":"https:\/\/martin-broz.cz\/hasicisenohraby\/wp-content\/uploads\/2025\/08\/Ford.jpg","datePublished":"2025-10-03T22:40:01+00:00","dateModified":"2025-11-14T22:37:37+00:00","breadcrumb":{"@id":"https:\/\/hasicisenohraby.cz\/index.php\/rychly-zasahovy-automobil-ford-transit\/#breadcrumb"},"inLanguage":"cs","potentialAction":[{"@type":"ReadAction","target":["https:\/\/hasicisenohraby.cz\/index.php\/rychly-zasahovy-automobil-ford-transit\/"]}]},{"@type":"ImageObject","inLanguage":"cs","@id":"https:\/\/hasicisenohraby.cz\/index.php\/rychly-zasahovy-automobil-ford-transit\/#primaryimage","url":"https:\/\/martin-broz.cz\/hasicisenohraby\/wp-content\/uploads\/2025\/08\/Ford.jpg","contentUrl":"https:\/\/martin-broz.cz\/hasicisenohraby\/wp-content\/uploads\/2025\/08\/Ford.jpg"},{"@type":"BreadcrumbList","@id":"https:\/\/hasicisenohraby.cz\/index.php\/rychly-zasahovy-automobil-ford-transit\/#breadcrumb","itemListElement":[{"@type":"ListItem","position":1,"name":"Dom\u016f","item":"https:\/\/hasicisenohraby.cz\/"},{"@type":"ListItem","position":2,"name":"Rychl\u00fd z\u00e1sahov\u00fd automobil Ford Transit"}]},{"@type":"WebSite","@id":"https:\/\/hasicisenohraby.cz\/#website","url":"https:\/\/hasicisenohraby.cz\/","name":"Hasi\u010di Senohraby","description":"Str\u00e1nky hasi\u010d\u016f ze Senohrab","publisher":{"@id":"https:\/\/hasicisenohraby.cz\/#organization"},"potentialAction":[{"@type":"SearchAction","target":{"@type":"EntryPoint","urlTemplate":"https:\/\/hasicisenohraby.cz\/?s={search_term_string}"},"query-input":{"@type":"PropertyValueSpecification","valueRequired":true,"valueName":"search_term_string"}}],"inLanguage":"cs"},{"@type":"Organization","@id":"https:\/\/hasicisenohraby.cz\/#organization","name":"Hasi\u010di Senohraby","url":"https:\/\/hasicisenohraby.cz\/","logo":{"@type":"ImageObject","inLanguage":"cs","@id":"https:\/\/hasicisenohraby.cz\/#\/schema\/logo\/image\/","url":"https:\/\/hasicisenohraby.cz\/wp-content\/uploads\/2025\/08\/Logo-sboru.png","contentUrl":"https:\/\/hasicisenohraby.cz\/wp-content\/uploads\/2025\/08\/Logo-sboru.png","width":167,"height":233,"caption":"Hasi\u010di Senohraby"},"image":{"@id":"https:\/\/hasicisenohraby.cz\/#\/schema\/logo\/image\/"},"sameAs":["https:\/\/www.facebook.com\/hasici.senohraby","https:\/\/x.com\/HasiciSenohraby","https:\/\/www.instagram.com\/hasici_senohraby","https:\/\/www.youtube.com\/@72RB"]}]}},"_links":{"self":[{"href":"https:\/\/hasicisenohraby.cz\/index.php\/wp-json\/wp\/v2\/pages\/367","targetHints":{"allow":["GET"]}}],"collection":[{"href":"https:\/\/hasicisenohraby.cz\/index.php\/wp-json\/wp\/v2\/pages"}],"about":[{"href":"https:\/\/hasicisenohraby.cz\/index.php\/wp-json\/wp\/v2\/types\/page"}],"author":[{"embeddable":true,"href":"https:\/\/hasicisenohraby.cz\/index.php\/wp-json\/wp\/v2\/users\/1"}],"replies":[{"embeddable":true,"href":"https:\/\/hasicisenohraby.cz\/index.php\/wp-json\/wp\/v2\/comments?post=367"}],"version-history":[{"count":2,"href":"https:\/\/hasicisenohraby.cz\/index.php\/wp-json\/wp\/v2\/pages\/367\/revisions"}],"predecessor-version":[{"id":629,"href":"https:\/\/hasicisenohraby.cz\/index.php\/wp-json\/wp\/v2\/pages\/367\/revisions\/629"}],"wp:attachment":[{"href":"https:\/\/hasicisenohraby.cz\/index.php\/wp-json\/wp\/v2\/media?parent=367"}],"wp:term":[{"taxonomy":"mt-event-group","embeddable":true,"href":"https:\/\/hasicisenohraby.cz\/index.php\/wp-json\/wp\/v2\/mt-event-group?post=367"}],"curies":[{"name":"wp","href":"https:\/\/api.w.org\/{rel}","templated":true}]}}